{"id":3194,"date":"2025-11-04T13:35:07","date_gmt":"2025-11-04T12:35:07","guid":{"rendered":"https:\/\/inidev.agency\/biletaria\/?page_id=3194"},"modified":"2025-11-14T12:54:10","modified_gmt":"2025-11-14T11:54:10","slug":"evente","status":"publish","type":"page","link":"https:\/\/inidev.agency\/biletaria\/index.php\/evente\/","title":{"rendered":"Evente"},"content":{"rendered":"\t\t<div data-elementor-type=\"wp-page\" data-elementor-id=\"3194\" class=\"elementor elementor-3194\">\n\t\t\t\t<div class=\"elementor-element elementor-element-72f5843 e-flex e-con-boxed e-con e-parent\" data-id=\"72f5843\" data-element_type=\"container\" data-settings=\"{&quot;background_background&quot;:&quot;classic&quot;}\">\n\t\t\t\t\t<div class=\"e-con-inner\">\n\t\t\t\t<div class=\"elementor-element elementor-element-9276963 elementor-widget elementor-widget-page-title\" data-id=\"9276963\" data-element_type=\"widget\" data-widget_type=\"page-title.default\">\n\t\t\t\t<div class=\"elementor-widget-container\">\n\t\t\t\t\t\t\t\n\t\t<div class=\"hfe-page-title hfe-page-title-wrapper elementor-widget-heading\">\n\n\t\t\t\t\t\t\t\t\t\t\t<a href=\"https:\/\/inidev.agency\/biletaria\">\n\t\t\t\t\t\t<h2 class=\"elementor-heading-title elementor-size-default\">\n\t\t\t\t\t\t\t\t\n\t\t\t\tEvente  \n\t\t\t<\/h2 > \n\t\t\t\t\t\t\t\t\t<\/a>\n\t\t\t\t\t<\/div>\n\t\t\t\t\t\t<\/div>\n\t\t\t\t<\/div>\n\t\t\t\t\t<\/div>\n\t\t\t\t<\/div>\n\t\t<div class=\"elementor-element elementor-element-77b405b e-flex e-con-boxed e-con e-parent\" data-id=\"77b405b\" data-element_type=\"container\">\n\t\t\t\t\t<div class=\"e-con-inner\">\n\t\t\t\t<div class=\"elementor-element elementor-element-813f402 elementor-widget elementor-widget-spacer\" data-id=\"813f402\" data-element_type=\"widget\" data-widget_type=\"spacer.default\">\n\t\t\t\t\t\t\t<div class=\"elementor-spacer\">\n\t\t\t<div class=\"elementor-spacer-inner\"><\/div>\n\t\t<\/div>\n\t\t\t\t\t\t<\/div>\n\t\t\t\t\t<\/div>\n\t\t\t\t<\/div>\n\t\t<div class=\"elementor-element elementor-element-768926e e-flex e-con-boxed e-con e-parent\" data-id=\"768926e\" data-element_type=\"container\">\n\t\t\t\t\t<div class=\"e-con-inner\">\n\t\t\t\t<div class=\"elementor-element elementor-element-6c2eabb elementor-widget elementor-widget-etn-event\" data-id=\"6c2eabb\" data-element_type=\"widget\" data-widget_type=\"etn-event.default\">\n\t\t\t\t<div class=\"elementor-widget-container\">\n\t\t\t\t\t<div class='etn-row etn-event-wrapper'>\n        <div class=\"etn-col-md-6 etn-col-lg-4\">\n        <div class=\"etn-event-item\">\n            <!-- thumbnail -->\n            <div class=\"etn-event-thumb\">\n                                    <a \n                        href=\"https:\/\/inidev.agency\/biletaria\/index.php\/etn\/audicion-i-hapur-per-aktore-20-35-vjec\/\" \n                        aria-label=\"Evente\"\n                    >\n                        <img decoding=\"async\" src=\"https:\/\/inidev.agency\/biletaria\/wp-content\/uploads\/2025\/12\/AUDICION-I-HAPUR-PER-AKTORE-20-35-VJECTeatri-Metropol-ju-fton-ne-audicionin-e-hapur-per-aktore.jpg\" alt=\"Image\">\n                    <\/a>\n                \n                <div class=\"etn-event-category\">\n                    <span>Evente<\/span>                 <\/div>\n                            <\/div>\n            <!-- thumbnail start-->\n\n            <!-- content start-->\n            <div class=\"etn-event-content\">\n                                                            <div class=\"etn-event-location\">\n                            <i class=\"etn-icon etn-location\"><\/i>\n                            Tirana                        <\/div>\n                    \n                \n                <h3 class=\"etn-title etn-event-title\"><a href=\"https:\/\/inidev.agency\/biletaria\/index.php\/etn\/audicion-i-hapur-per-aktore-20-35-vjec\/\">\n                    AUDICION I HAPUR P\u00cbR AKTORE (20-35 VJE\u00c7)<\/a>\n                <\/h3>\n                                    <p>\n                        Teatri Metropol ju fton n\u00eb audicionin e hapur p\u00ebr aktore t\u00eb mosh\u00ebs 20-35 vje\u00e7 p\u00ebr shfaqjen \u201cHamlet\u201d, me autor William                    <\/p>\n                \n                <div class=\"etn-event-footer\">\n                    <div class=\"etn-event-date\">\n                                    <span>\n\t\t\t\t<i class=\"etn-icon etn-calendar\"><\/i>\n                27 September, 2025            <\/span>\n\t\t\t                    <\/div>\n                    <div class=\"etn-atend-btn\">\n                                                <a href=\"https:\/\/inidev.agency\/biletaria\/index.php\/etn\/audicion-i-hapur-per-aktore-20-35-vjec\/\" class=\"etn-btn etn-btn-border\"\n                            title=\"AUDICION I HAPUR P\u00cbR AKTORE (20-35 VJE\u00c7)\">Attend                            <i class=\"etn-icon etm-arrow-right\"><\/i><\/a>\n                                            <\/div>\n                <\/div>\n            <\/div>\n                        <!-- content end-->\n        <\/div>\n        <!-- etn event item end-->\n    <\/div>\n        <div class=\"etn-col-md-6 etn-col-lg-4\">\n        <div class=\"etn-event-item\">\n            <!-- thumbnail -->\n            <div class=\"etn-event-thumb\">\n                                    <a \n                        href=\"https:\/\/inidev.agency\/biletaria\/index.php\/etn\/le-festival-de-danse\/\" \n                        aria-label=\"Evente\"\n                    >\n                        <img decoding=\"async\" src=\"https:\/\/inidev.agency\/biletaria\/wp-content\/uploads\/2025\/11\/\ud83e\ude70-Le-Festival-International-de-Danse-Contemporaine-revient-\ud83d\uddd3\ufe0fdu-9-au-25-octobre-\ud83d\udccc-11-octobr.jpg\" alt=\"Image\">\n                    <\/a>\n                \n                <div class=\"etn-event-category\">\n                    <span>Evente<\/span>                 <\/div>\n                            <\/div>\n            <!-- thumbnail start-->\n\n            <!-- content start-->\n            <div class=\"etn-event-content\">\n                                                            <div class=\"etn-event-location\">\n                            <i class=\"etn-icon etn-location\"><\/i>\n                            Tirana                        <\/div>\n                    \n                \n                <h3 class=\"etn-title etn-event-title\"><a href=\"https:\/\/inidev.agency\/biletaria\/index.php\/etn\/le-festival-de-danse\/\">\n                    Le Festival International de Danse Contemporaine revient<\/a>\n                <\/h3>\n                                    <p>\n                        \ud83e\ude70 Le Festival International de Danse Contemporaine revient \ud83d\uddd3\ufe0fdu 9 au 25 octobre ! \ud83d\udccc 11 octobre : le Ballet                    <\/p>\n                \n                <div class=\"etn-event-footer\">\n                    <div class=\"etn-event-date\">\n                                    <span>\n\t\t\t\t<i class=\"etn-icon etn-calendar\"><\/i>\n                11 October, 2025            <\/span>\n\t\t\t                    <\/div>\n                    <div class=\"etn-atend-btn\">\n                                                <a href=\"https:\/\/inidev.agency\/biletaria\/index.php\/etn\/le-festival-de-danse\/\" class=\"etn-btn etn-btn-border\"\n                            title=\"Le Festival International de Danse Contemporaine revient\">Attend                            <i class=\"etn-icon etm-arrow-right\"><\/i><\/a>\n                                            <\/div>\n                <\/div>\n            <\/div>\n                        <!-- content end-->\n        <\/div>\n        <!-- etn event item end-->\n    <\/div>\n        <div class=\"etn-col-md-6 etn-col-lg-4\">\n        <div class=\"etn-event-item\">\n            <!-- thumbnail -->\n            <div class=\"etn-event-thumb\">\n                                    <a \n                        href=\"https:\/\/inidev.agency\/biletaria\/index.php\/etn\/metrofest-9\/\" \n                        aria-label=\"Evente\"\n                    >\n                        <img decoding=\"async\" src=\"https:\/\/inidev.agency\/biletaria\/wp-content\/uploads\/2025\/11\/METROFEST-9Teatri-Metropol-sjell-per-publikun-edicionin-e-nente-te-festivalit-te-pervitshem-te.jpg\" alt=\"Image\">\n                    <\/a>\n                \n                <div class=\"etn-event-category\">\n                    <span>Evente<\/span>                 <\/div>\n                            <\/div>\n            <!-- thumbnail start-->\n\n            <!-- content start-->\n            <div class=\"etn-event-content\">\n                                                            <div class=\"etn-event-location\">\n                            <i class=\"etn-icon etn-location\"><\/i>\n                            Tirana                        <\/div>\n                    \n                \n                <h3 class=\"etn-title etn-event-title\"><a href=\"https:\/\/inidev.agency\/biletaria\/index.php\/etn\/metrofest-9\/\">\n                    METROFEST 9<\/a>\n                <\/h3>\n                                    <p>\n                        Teatri Metropol sjell p\u00ebr publikun edicionin e n\u00ebnt\u00eb t\u00eb festivalit t\u00eb p\u00ebrvitsh\u00ebm t\u00eb vepr\u00ebs shqiptare, Metrofest 9. K\u00ebt\u00eb vit, festivali                    <\/p>\n                \n                <div class=\"etn-event-footer\">\n                    <div class=\"etn-event-date\">\n                                    <span>\n\t\t\t\t<i class=\"etn-icon etn-calendar\"><\/i>\n                30 October, 2025            <\/span>\n\t\t\t                    <\/div>\n                    <div class=\"etn-atend-btn\">\n                                                <a href=\"https:\/\/inidev.agency\/biletaria\/index.php\/etn\/metrofest-9\/\" class=\"etn-btn etn-btn-border\"\n                            title=\"METROFEST 9\">Attend                            <i class=\"etn-icon etm-arrow-right\"><\/i><\/a>\n                                            <\/div>\n                <\/div>\n            <\/div>\n                        <!-- content end-->\n        <\/div>\n        <!-- etn event item end-->\n    <\/div>\n    <\/div>\n\n\t\t\t\t<\/div>\n\t\t\t\t<\/div>\n\t\t\t\t\t<\/div>\n\t\t\t\t<\/div>\n\t\t<div class=\"elementor-element elementor-element-33bddec e-flex e-con-boxed e-con e-parent\" data-id=\"33bddec\" data-element_type=\"container\">\n\t\t\t\t\t<div class=\"e-con-inner\">\n\t\t\t\t<div class=\"elementor-element elementor-element-4c902b5 elementor-widget elementor-widget-spacer\" data-id=\"4c902b5\" data-element_type=\"widget\" data-widget_type=\"spacer.default\">\n\t\t\t\t\t\t\t<div class=\"elementor-spacer\">\n\t\t\t<div class=\"elementor-spacer-inner\"><\/div>\n\t\t<\/div>\n\t\t\t\t\t\t<\/div>\n\t\t\t\t\t<\/div>\n\t\t\t\t<\/div>\n\t\t\t\t<\/div>\n\t\t","protected":false},"excerpt":{"rendered":"<p>Evente Evente Tirana AUDICION I HAPUR P\u00cbR AKTORE (20-35 VJE\u00c7) Teatri Metropol ju fton n\u00eb audicionin e hapur p\u00ebr aktore t\u00eb mosh\u00ebs 20-35 vje\u00e7 p\u00ebr shfaqjen \u201cHamlet\u201d, me autor William 27 September, 2025 Attend Evente Tirana Le Festival International de Danse Contemporaine revient \ud83e\ude70 Le Festival International de Danse Contemporaine revient \ud83d\uddd3\ufe0fdu 9 au 25 [&hellip;]<\/p>\n","protected":false},"author":1,"featured_media":0,"parent":0,"menu_order":0,"comment_status":"closed","ping_status":"closed","template":"elementor_header_footer","meta":{"footnotes":""},"class_list":["post-3194","page","type-page","status-publish","hentry"],"_links":{"self":[{"href":"https:\/\/inidev.agency\/biletaria\/index.php\/wp-json\/wp\/v2\/pages\/3194","targetHints":{"allow":["GET"]}}],"collection":[{"href":"https:\/\/inidev.agency\/biletaria\/index.php\/wp-json\/wp\/v2\/pages"}],"about":[{"href":"https:\/\/inidev.agency\/biletaria\/index.php\/wp-json\/wp\/v2\/types\/page"}],"author":[{"embeddable":true,"href":"https:\/\/inidev.agency\/biletaria\/index.php\/wp-json\/wp\/v2\/users\/1"}],"replies":[{"embeddable":true,"href":"https:\/\/inidev.agency\/biletaria\/index.php\/wp-json\/wp\/v2\/comments?post=3194"}],"version-history":[{"count":43,"href":"https:\/\/inidev.agency\/biletaria\/index.php\/wp-json\/wp\/v2\/pages\/3194\/revisions"}],"predecessor-version":[{"id":3515,"href":"https:\/\/inidev.agency\/biletaria\/index.php\/wp-json\/wp\/v2\/pages\/3194\/revisions\/3515"}],"wp:attachment":[{"href":"https:\/\/inidev.agency\/biletaria\/index.php\/wp-json\/wp\/v2\/media?parent=3194"}],"curies":[{"name":"wp","href":"https:\/\/api.w.org\/{rel}","templated":true}]}}