{"id":19,"date":"2021-04-05T06:53:55","date_gmt":"2021-04-05T06:53:55","guid":{"rendered":"http:\/\/localhost:8888\/newon\/?page_id=19"},"modified":"2025-11-14T12:51:07","modified_gmt":"2025-11-14T11:51:07","slug":"rreth-nesh","status":"publish","type":"page","link":"https:\/\/inidev.agency\/biletaria\/index.php\/rreth-nesh\/","title":{"rendered":"Rreth Nesh"},"content":{"rendered":"\t\t<div data-elementor-type=\"wp-page\" data-elementor-id=\"19\" class=\"elementor elementor-19\">\n\t\t\t\t<div class=\"elementor-element elementor-element-0000bff e-flex e-con-boxed e-con e-parent\" data-id=\"0000bff\" data-element_type=\"container\" data-settings=\"{&quot;background_background&quot;:&quot;classic&quot;}\">\n\t\t\t\t\t<div class=\"e-con-inner\">\n\t\t\t\t<div class=\"elementor-element elementor-element-a49e748 elementor-widget elementor-widget-page-title\" data-id=\"a49e748\" data-element_type=\"widget\" data-widget_type=\"page-title.default\">\n\t\t\t\t<div class=\"elementor-widget-container\">\n\t\t\t\t\t\t\t\n\t\t<div class=\"hfe-page-title hfe-page-title-wrapper elementor-widget-heading\">\n\n\t\t\t\t\t\t\t\t\t\t\t<a href=\"https:\/\/inidev.agency\/biletaria\">\n\t\t\t\t\t\t<h2 class=\"elementor-heading-title elementor-size-default\">\n\t\t\t\t\t\t\t\t\n\t\t\t\tRreth Nesh  \n\t\t\t<\/h2 > \n\t\t\t\t\t\t\t\t\t<\/a>\n\t\t\t\t\t<\/div>\n\t\t\t\t\t\t<\/div>\n\t\t\t\t<\/div>\n\t\t\t\t\t<\/div>\n\t\t\t\t<\/div>\n\t\t<div class=\"elementor-element elementor-element-b91719f e-flex e-con-boxed e-con e-parent\" data-id=\"b91719f\" data-element_type=\"container\">\n\t\t\t\t\t<div class=\"e-con-inner\">\n\t\t\t\t<div class=\"elementor-element elementor-element-4d2e74f elementor-widget elementor-widget-spacer\" data-id=\"4d2e74f\" data-element_type=\"widget\" data-widget_type=\"spacer.default\">\n\t\t\t\t\t\t\t<div class=\"elementor-spacer\">\n\t\t\t<div class=\"elementor-spacer-inner\"><\/div>\n\t\t<\/div>\n\t\t\t\t\t\t<\/div>\n\t\t\t\t\t<\/div>\n\t\t\t\t<\/div>\n\t\t<div class=\"elementor-element elementor-element-1770a3c e-flex e-con-boxed e-con e-parent\" data-id=\"1770a3c\" data-element_type=\"container\">\n\t\t\t\t\t<div class=\"e-con-inner\">\n\t\t\t\t<div class=\"elementor-element elementor-element-18a485e elementor-widget elementor-widget-text-editor\" data-id=\"18a485e\" data-element_type=\"widget\" data-widget_type=\"text-editor.default\">\n\t\t\t\t\t\t\t\t\t<h3 class=\"hny-title\"><span style=\"color: #836e4f;\">Mir\u00eb se vini n\u00eb Teatrin Metropol \u2013 Sht\u00ebpia e Artit dhe Dialogut<\/span><\/h3>\t\t\t\t\t\t\t\t<\/div>\n\t\t\t\t\t<\/div>\n\t\t\t\t<\/div>\n\t\t<div class=\"elementor-element elementor-element-598141a e-flex e-con-boxed e-con e-parent\" data-id=\"598141a\" data-element_type=\"container\">\n\t\t\t\t\t<div class=\"e-con-inner\">\n\t\t\t\t<div class=\"elementor-element elementor-element-3b4b276 elementor-widget elementor-widget-text-editor\" data-id=\"3b4b276\" data-element_type=\"widget\" data-widget_type=\"text-editor.default\">\n\t\t\t\t\t\t\t\t\t<p><span style=\"color: #836e4f;\"><strong>Teatri Metropol<\/strong><\/span>\u00a0\u00ebsht\u00eb nj\u00eb qend\u00ebr dinamike kulturore q\u00eb synon t\u00eb sjell\u00eb p\u00ebr publikun shqiptar dhe nd\u00ebrkomb\u00ebtar vepra teatrore me nivel t\u00eb lart\u00eb artistik. I udh\u00ebhequr nga vlerat e gjith\u00ebp\u00ebrfshirjes, dialogut konstruktiv dhe humanizmit universal, Metropoli \u00ebsht\u00eb nj\u00eb hap\u00ebsir\u00eb ku arti takon komunitetin dhe frym\u00ebzon reflektim, bashk\u00ebbisedim dhe rritje.<\/p><p><span style=\"color: #836e4f;\"><strong>Misioni yn\u00eb<\/strong><\/span>\u00a0\u00ebsht\u00eb t\u00eb realizojm\u00eb shfaqje cil\u00ebsore \u2013 shqiptare dhe bot\u00ebrore \u2013 q\u00eb flasin me ndershm\u00ebri dhe forc\u00eb artistike p\u00ebr realitetin dhe shpirtin njer\u00ebzor. Vizioni yn\u00eb \u00ebsht\u00eb t\u00eb nd\u00ebrtojm\u00eb nj\u00eb standard t\u00eb ri n\u00eb cil\u00ebsin\u00eb e prodhimit artistik dhe trajnimit profesional t\u00eb talenteve t\u00eb reja, duke i sh\u00ebrbyer nj\u00eb audience t\u00eb gjer\u00eb: f\u00ebmij\u00eb, t\u00eb rinj dhe t\u00eb rritur.<\/p><h6><span style=\"color: #836e4f;\">Platforma jon\u00eb artistike \u00ebsht\u00eb e ndar\u00eb n\u00eb tre shtylla:<\/span><\/h6><ul><li><span style=\"color: #836e4f;\"><strong>Teatri i t\u00eb Rriturve:<\/strong><\/span>\u00a06 premiera \u00e7do vit, me produksione origjinale dhe bashk\u00ebpunime me artist\u00eb t\u00eb jasht\u00ebm. Dy prej tyre jan\u00eb t\u00eb l\u00ebvizshme dhe \u00e7do shfaqje jepet deri n\u00eb 15 her\u00eb.<\/li><li><span style=\"color: #836e4f;\"><strong>Teatri i F\u00ebmij\u00ebve:<\/strong>\u00a0<\/span>4 premiera n\u00eb vit, t\u00eb krijuara me dashuri p\u00ebr publikun m\u00eb t\u00eb vog\u00ebl, nga t\u00eb cilat dy jan\u00eb t\u00eb l\u00ebvizshme dhe secila shfaqet deri n\u00eb 20 her\u00eb.<\/li><li><span style=\"color: #836e4f;\"><strong>Teatri i t\u00eb Rinjve:<\/strong><\/span>\u00a02 premiera n\u00eb vit t\u00eb dedikuara mosh\u00ebs 14-18 vje\u00e7, me nj\u00eb fokus t\u00eb ve\u00e7ant\u00eb tek temat bashk\u00ebkohore dhe p\u00ebrfshirja aktive e t\u00eb rinjve n\u00eb bot\u00ebn e teatrit.<\/li><\/ul>\t\t\t\t\t\t\t\t<\/div>\n\t\t\t\t\t<\/div>\n\t\t\t\t<\/div>\n\t\t<div class=\"elementor-element elementor-element-f1e6583 e-flex e-con-boxed e-con e-parent\" data-id=\"f1e6583\" data-element_type=\"container\">\n\t\t\t\t\t<div class=\"e-con-inner\">\n\t\t\t\t<div class=\"elementor-element elementor-element-fdb47d3 elementor-widget elementor-widget-spacer\" data-id=\"fdb47d3\" data-element_type=\"widget\" data-widget_type=\"spacer.default\">\n\t\t\t\t\t\t\t<div class=\"elementor-spacer\">\n\t\t\t<div class=\"elementor-spacer-inner\"><\/div>\n\t\t<\/div>\n\t\t\t\t\t\t<\/div>\n\t\t\t\t\t<\/div>\n\t\t\t\t<\/div>\n\t\t<div class=\"elementor-element elementor-element-b5ca23e e-flex e-con-boxed e-con e-parent\" data-id=\"b5ca23e\" data-element_type=\"container\">\n\t\t\t\t\t<div class=\"e-con-inner\">\n\t\t\t\t<div class=\"elementor-element elementor-element-cb649d1 elementor-widget elementor-widget-text-editor\" data-id=\"cb649d1\" data-element_type=\"widget\" data-widget_type=\"text-editor.default\">\n\t\t\t\t\t\t\t\t\t<h2><span style=\"color: #836e4f;\">Pamje nga Teatri<\/span><\/h2>\t\t\t\t\t\t\t\t<\/div>\n\t\t\t\t\t<\/div>\n\t\t\t\t<\/div>\n\t\t<div class=\"elementor-element elementor-element-1a8f5c0 e-flex e-con-boxed e-con e-parent\" data-id=\"1a8f5c0\" data-element_type=\"container\">\n\t\t\t\t\t<div class=\"e-con-inner\">\n\t\t\t\t<div class=\"elementor-element elementor-element-990e569 elementor-arrows-position-inside elementor-widget elementor-widget-image-carousel\" data-id=\"990e569\" data-element_type=\"widget\" data-settings=\"{&quot;slides_to_show&quot;:&quot;3&quot;,&quot;navigation&quot;:&quot;arrows&quot;,&quot;lazyload&quot;:&quot;yes&quot;,&quot;autoplay&quot;:&quot;yes&quot;,&quot;pause_on_hover&quot;:&quot;yes&quot;,&quot;pause_on_interaction&quot;:&quot;yes&quot;,&quot;autoplay_speed&quot;:5000,&quot;infinite&quot;:&quot;yes&quot;,&quot;speed&quot;:500,&quot;image_spacing_custom&quot;:{&quot;unit&quot;:&quot;px&quot;,&quot;size&quot;:20,&quot;sizes&quot;:[]},&quot;image_spacing_custom_tablet&quot;:{&quot;unit&quot;:&quot;px&quot;,&quot;size&quot;:&quot;&quot;,&quot;sizes&quot;:[]},&quot;image_spacing_custom_mobile&quot;:{&quot;unit&quot;:&quot;px&quot;,&quot;size&quot;:&quot;&quot;,&quot;sizes&quot;:[]}}\" data-widget_type=\"image-carousel.default\">\n\t\t\t\t\t\t\t<div class=\"elementor-image-carousel-wrapper swiper\" role=\"region\" aria-roledescription=\"carousel\" aria-label=\"Image Carousel\" dir=\"ltr\">\n\t\t\t<div class=\"elementor-image-carousel swiper-wrapper\" aria-live=\"off\">\n\t\t\t\t\t\t\t\t<div class=\"swiper-slide\" role=\"group\" aria-roledescription=\"slide\" aria-label=\"1 of 5\"><figure class=\"swiper-slide-inner\"><img class=\"swiper-slide-image swiper-lazy\" data-src=\"https:\/\/inidev.agency\/biletaria\/wp-content\/uploads\/2025\/11\/4-1.jpg\" alt=\"4\" \/><div class=\"swiper-lazy-preloader\"><\/div><\/figure><\/div><div class=\"swiper-slide\" role=\"group\" aria-roledescription=\"slide\" aria-label=\"2 of 5\"><figure class=\"swiper-slide-inner\"><img class=\"swiper-slide-image swiper-lazy\" data-src=\"https:\/\/inidev.agency\/biletaria\/wp-content\/uploads\/2025\/11\/6-1.jpg\" alt=\"6\" \/><div class=\"swiper-lazy-preloader\"><\/div><\/figure><\/div><div class=\"swiper-slide\" role=\"group\" aria-roledescription=\"slide\" aria-label=\"3 of 5\"><figure class=\"swiper-slide-inner\"><img class=\"swiper-slide-image swiper-lazy\" data-src=\"https:\/\/inidev.agency\/biletaria\/wp-content\/uploads\/2025\/11\/1-1.jpg\" alt=\"1\" \/><div class=\"swiper-lazy-preloader\"><\/div><\/figure><\/div><div class=\"swiper-slide\" role=\"group\" aria-roledescription=\"slide\" aria-label=\"4 of 5\"><figure class=\"swiper-slide-inner\"><img class=\"swiper-slide-image swiper-lazy\" data-src=\"https:\/\/inidev.agency\/biletaria\/wp-content\/uploads\/2025\/11\/2-1.jpg\" alt=\"2\" \/><div class=\"swiper-lazy-preloader\"><\/div><\/figure><\/div><div class=\"swiper-slide\" role=\"group\" aria-roledescription=\"slide\" aria-label=\"5 of 5\"><figure class=\"swiper-slide-inner\"><img class=\"swiper-slide-image swiper-lazy\" data-src=\"https:\/\/inidev.agency\/biletaria\/wp-content\/uploads\/2025\/11\/3-1.jpg\" alt=\"3\" \/><div class=\"swiper-lazy-preloader\"><\/div><\/figure><\/div>\t\t\t<\/div>\n\t\t\t\t\t\t\t\t\t\t\t\t<div class=\"elementor-swiper-button elementor-swiper-button-prev\" role=\"button\" tabindex=\"0\">\n\t\t\t\t\t\t<svg aria-hidden=\"true\" class=\"e-font-icon-svg e-eicon-chevron-left\" viewBox=\"0 0 1000 1000\" xmlns=\"http:\/\/www.w3.org\/2000\/svg\"><path d=\"M646 125C629 125 613 133 604 142L308 442C296 454 292 471 292 487 292 504 296 521 308 533L604 854C617 867 629 875 646 875 663 875 679 871 692 858 704 846 713 829 713 812 713 796 708 779 692 767L438 487 692 225C700 217 708 204 708 187 708 171 704 154 692 142 675 129 663 125 646 125Z\"><\/path><\/svg>\t\t\t\t\t<\/div>\n\t\t\t\t\t<div class=\"elementor-swiper-button elementor-swiper-button-next\" role=\"button\" tabindex=\"0\">\n\t\t\t\t\t\t<svg aria-hidden=\"true\" class=\"e-font-icon-svg e-eicon-chevron-right\" viewBox=\"0 0 1000 1000\" xmlns=\"http:\/\/www.w3.org\/2000\/svg\"><path d=\"M696 533C708 521 713 504 713 487 713 471 708 454 696 446L400 146C388 133 375 125 354 125 338 125 325 129 313 142 300 154 292 171 292 187 292 204 296 221 308 233L563 492 304 771C292 783 288 800 288 817 288 833 296 850 308 863 321 871 338 875 354 875 371 875 388 867 400 854L696 533Z\"><\/path><\/svg>\t\t\t\t\t<\/div>\n\t\t\t\t\n\t\t\t\t\t\t\t\t\t<\/div>\n\t\t\t\t\t\t<\/div>\n\t\t\t\t\t<\/div>\n\t\t\t\t<\/div>\n\t\t<div class=\"elementor-element elementor-element-4f8c442 e-flex e-con-boxed e-con e-parent\" data-id=\"4f8c442\" data-element_type=\"container\">\n\t\t\t\t\t<div class=\"e-con-inner\">\n\t\t\t\t<div class=\"elementor-element elementor-element-a7a399b elementor-widget elementor-widget-spacer\" data-id=\"a7a399b\" data-element_type=\"widget\" data-widget_type=\"spacer.default\">\n\t\t\t\t\t\t\t<div class=\"elementor-spacer\">\n\t\t\t<div class=\"elementor-spacer-inner\"><\/div>\n\t\t<\/div>\n\t\t\t\t\t\t<\/div>\n\t\t\t\t\t<\/div>\n\t\t\t\t<\/div>\n\t\t<div class=\"elementor-element elementor-element-9664f11 e-con-full e-flex e-con e-parent\" data-id=\"9664f11\" data-element_type=\"container\">\n\t\t\t\t<div class=\"elementor-element elementor-element-7d915d3 elementor-widget elementor-widget-google_maps\" data-id=\"7d915d3\" data-element_type=\"widget\" data-widget_type=\"google_maps.default\">\n\t\t\t\t\t\t\t<div class=\"elementor-custom-embed\">\n\t\t\t<iframe loading=\"lazy\"\n\t\t\t\t\tsrc=\"https:\/\/maps.google.com\/maps?q=Metropol%20Theater%2C%20Tirana%2C%20Albania&#038;t=m&#038;z=16&#038;output=embed&#038;iwloc=near\"\n\t\t\t\t\ttitle=\"Metropol Theater, Tirana, Albania\"\n\t\t\t\t\taria-label=\"Metropol Theater, Tirana, Albania\"\n\t\t\t><\/iframe>\n\t\t<\/div>\n\t\t\t\t\t\t<\/div>\n\t\t\t\t<\/div>\n\t\t\t\t<\/div>\n\t\t","protected":false},"excerpt":{"rendered":"<p>Rreth Nesh Mir\u00eb se vini n\u00eb Teatrin Metropol \u2013 Sht\u00ebpia e Artit dhe Dialogut Teatri Metropol\u00a0\u00ebsht\u00eb nj\u00eb qend\u00ebr dinamike kulturore q\u00eb synon t\u00eb sjell\u00eb p\u00ebr publikun shqiptar dhe nd\u00ebrkomb\u00ebtar vepra teatrore me nivel t\u00eb lart\u00eb artistik. I udh\u00ebhequr nga vlerat e gjith\u00ebp\u00ebrfshirjes, dialogut konstruktiv dhe humanizmit universal, Metropoli \u00ebsht\u00eb nj\u00eb hap\u00ebsir\u00eb ku arti takon komunitetin [&hellip;]<\/p>\n","protected":false},"author":1,"featured_media":0,"parent":0,"menu_order":0,"comment_status":"closed","ping_status":"closed","template":"elementor_header_footer","meta":{"footnotes":""},"class_list":["post-19","page","type-page","status-publish","hentry"],"_links":{"self":[{"href":"https:\/\/inidev.agency\/biletaria\/index.php\/wp-json\/wp\/v2\/pages\/19","targetHints":{"allow":["GET"]}}],"collection":[{"href":"https:\/\/inidev.agency\/biletaria\/index.php\/wp-json\/wp\/v2\/pages"}],"about":[{"href":"https:\/\/inidev.agency\/biletaria\/index.php\/wp-json\/wp\/v2\/types\/page"}],"author":[{"embeddable":true,"href":"https:\/\/inidev.agency\/biletaria\/index.php\/wp-json\/wp\/v2\/users\/1"}],"replies":[{"embeddable":true,"href":"https:\/\/inidev.agency\/biletaria\/index.php\/wp-json\/wp\/v2\/comments?post=19"}],"version-history":[{"count":61,"href":"https:\/\/inidev.agency\/biletaria\/index.php\/wp-json\/wp\/v2\/pages\/19\/revisions"}],"predecessor-version":[{"id":3509,"href":"https:\/\/inidev.agency\/biletaria\/index.php\/wp-json\/wp\/v2\/pages\/19\/revisions\/3509"}],"wp:attachment":[{"href":"https:\/\/inidev.agency\/biletaria\/index.php\/wp-json\/wp\/v2\/media?parent=19"}],"curies":[{"name":"wp","href":"https:\/\/api.w.org\/{rel}","templated":true}]}}